{"id":92,"date":"2020-10-02T12:57:16","date_gmt":"2020-10-02T10:57:16","guid":{"rendered":"http:\/\/kamel.home.amu.edu.pl\/?page_id=92"},"modified":"2024-03-26T12:59:42","modified_gmt":"2024-03-26T11:59:42","slug":"katarzyna-meller","status":"publish","type":"page","link":"http:\/\/kamel.home.amu.edu.pl\/?page_id=92","title":{"rendered":"Katarzyna Meller"},"content":{"rendered":"<p><img decoding=\"async\" loading=\"lazy\" class=\"alignnone size-medium wp-image-76\" src=\"http:\/\/kamel.home.amu.edu.pl\/wp-content\/uploads\/2019\/11\/prof_dr_hab_katarzyna_meller-300x200.jpg\" alt=\"\" width=\"300\" height=\"200\" \/><\/p>\n<p>&nbsp;<\/p>\n<p><span style=\"font-size: 14pt;\"><strong>KIEROWNIK ZAK\u0141ADU<\/strong><\/span><\/p>\n<p><strong><span style=\"font-size: 14pt;\">Prof. dr hab. Katarzyna Meller<\/span><\/strong><\/p>\n<p>&nbsp;<\/p>\n<p style=\"text-align: justify;\">Poznanianka, absolwentka i od 1979 r. pracownik UAM; polonistka, historyk literatury i kultury. Jej badania obejmuj\u0105 wczesnonowo\u017cytn\u0105 literatur\u0105 polsk\u0105, szczeg\u00f3lnie epoki renesansu i pi\u015bmiennictwo reformacyjne XVI i XVII w., w kt\u00f3rych upatruje wyrazu odwiecznych marze\u0144 i traconych z\u0142udze\u0144 o doskona\u0142ym \u015bwiecie i wolnym, rozumnym cz\u0142owieku,\u00a0 o wsp\u00f3lnocie zbudowanej na warto\u015bciach etycznych, o wolno\u015bci i tolerancji we wsp\u00f3lnocie pi\u0119knie r\u00f3\u017cni\u0105cych si\u0119 ludzi.<\/p>\n<p style=\"text-align: justify;\">Autorka ksi\u0105\u017cek <em>Jakuba Lubelczyka \u201ePsa\u0142terz Dawida\u201d z 1558 r. Studium filologiczne <\/em>(1992), <em>Noc przesz\u0142a, a dzie\u0144 si\u0119 przybli\u017cy\u0142. Studia o polskim pi\u015bmiennictwie reformacyjnym XVI wieku <\/em>(2004), <em>S\u0142owa jak ziarna. Reformacyjne idee, ksi\u0105\u017cki i spory <\/em>(2012), popularnonaukowego opracowania <em>Renesans<\/em> (w tomie: <em>Literatura staropolska<\/em>, w serii \u201eZrozumie\u0107 literatur\u0119\u201d, 2006), edycji krytycznych dzie\u0142 renesansowych pisarzy (Jana Kochanowskiego, Jakuba Lubelczyka, Marcina Czechowca, Paw\u0142a Milejewskiego), studi\u00f3w o renesansowym humanizmie i reformacji, redaktor naukowa 10 tom\u00f3w prac zbiorowych.<\/p>\n<p style=\"text-align: justify;\">Kierowa\u0142a seri\u0105 edycji fototypicznych \u201eLibri Librorum\u201d \u2013 <em>Bibliotheca paleotyporum in lingua Polonica impressorum<\/em> (od 2008 r. opublikowano kilkadziesi\u0105t tom\u00f3w, tak\u017ce w ramach grantu NPRH); bra\u0142a udzia\u0142 w grancie \u201eStaropolska Biblioteka Lubelska\u201d, uczestniczy\u0142a w projekcie NPRH \u201eHumanizm. Idee, nurty i paradygmaty humanistyczne w kulturze polskiej\u201d jako cz\u0142onek rady naukowej projektu i komitetu redakcyjnego serii \u201eSyntezy\u201d (opublikowano 11 tom\u00f3w) oraz kieruj\u0105ca zespo\u0142owym zadaniem badawczym, \u201eKlasycyzm w literaturze polskiej\u2026\u201d, zako\u0144czonym publikacj\u0105 syntezy <em>Klasycyzm w literaturze polskiej. Estetyka &#8211; doktryna literacka &#8211; antropologia<\/em> (Warszawa 2010); uczestniczy\u0142a w projekcie NPRH \u201eKultura I Rzeczypospolitej w Europie. Hermeneutyka warto\u015bci\u201d jako cz\u0142onek rady naukowej projektu\u00a0 (opublikowano 14 tom\u00f3w) i kieruj\u0105ca zespo\u0142owym zadaniem badawczym \u201eKultura I Rzeczpospolitej w dialogu z ewangelicyzmem augsburskim. Hermeneutyka warto\u015bci (na podstawie pi\u015bmiennictwa XVI-XVIII w.)\u201d zako\u0144czonym publikacj\u0105 syntezy <em>Luteranizm w kulturze polskiej XVI-XVIII w. <\/em>(Warszawa 2017); uczestniczy\u0142a w multilateralnym projekcie: <em>Reformatio baltica. Kulturwirkungen der Reformation in den Metropolen des Ostseeraums <\/em>(2015). Organizowa\u0142a liczne konferencje naukowe, zrecenzowa\u0142a kilkadziesi\u0105t prac doktorskich oraz dorobk\u00f3w naukowych w procedurach habilitacyjnych i o tytu\u0142 profesora. Wypromowa\u0142a dwoje doktor\u00f3w.<\/p>\n<p style=\"text-align: justify;\">Obecnie kieruje Zak\u0142adem Literatury Staropolskiej i O\u015bwiecenia (od 2016 r.). Jest cz\u0142onkiem Rady Uczelni (od 2019 r.). Przez dwie kadencje pe\u0142ni\u0142a\u00a0 funkcj\u0119 wicedyrektora IFP UAM ds. nauki (1999-2005), a przez dwie kolejne (2005-2012) \u2013 Dyrektora Instytutu Filologii Polskiej UAM. By\u0142a cz\u0142onkiem Senatu UAM, Senackiej Komisji ds. Nauczania, Rektorskiej Komisji ds. Oceny Efekt\u00f3w Kszta\u0142cenia Obszaru Nauk Humanistycznych w UAM, kapitu\u0142y medalu <em>Alumno Bene Merenti.<\/em> Nale\u017cy do Pozna\u0144skiego Towarzystwa Przyjaci\u00f3\u0142 Nauk, Wydzia\u0142 Filologiczno-Filozoficzny.<\/p>\n<p>&nbsp;<\/p>\n<p style=\"text-align: justify;\"><strong>Ksi\u0105\u017cki autorskie:<\/strong><\/p>\n<p style=\"text-align: justify;\">K. Meller, <em>S\u0142owa jak ziarna. Reformacyjne idee, ksi\u0105\u017cki, spory<\/em>, Wydawnictwo Naukowe UAM, Pozna\u0144 2012, ss. 228.<\/p>\n<p style=\"text-align: justify;\">K. Meller, <em>Renesans, <\/em>[w:] B. Hojdis, K. Meller, J. Kowalski, <em>Literatura staropolska<\/em>, Wydawnictwo Pozna\u0144skie, Pozna\u0144 2009, s. 61-176.<\/p>\n<p style=\"text-align: justify;\">K. Meller, <em>\u201eNoc przesz\u0142a, a dzie\u0144 si\u0119 przybli\u017cy\u0142\u201d. Studia o polskim pi\u015bmiennictwie reformacyjnym XVI wieku,<\/em> Wydawnictwo Naukowe UAM, Pozna\u0144 2004, ss. 299.<\/p>\n<p style=\"text-align: justify;\">K. Meller, <em>Jakuba Lubelczyka \u201ePsa\u0142terz Dawida\u201d z r. 1558. Studium filologiczne<\/em>, Wydawnictwo Nakom, Pozna\u0144 1991, ss. 140.<\/p>\n<p>&nbsp;<\/p>\n<p style=\"text-align: justify;\"><strong>Edycje krytyczne:<\/strong><\/p>\n<p style=\"text-align: justify;\"><em>\u201eRozmowa, ktor\u0105 mia\u0142a \u015amier\u0107 do niektorych ludzi z\u202frz\u0105du miesckiego\u201d \u2013 unikat z\u202f1543 roku<\/em>, wst\u0119p i oprac. K. Meller, Wydawnictwo Pozna\u0144skich Studi\u00f3w Polonistycznych, Pozna\u0144 2022.<\/p>\n<p style=\"text-align: justify;\">Pawe\u0142 Milejewski, <em>Psalmy Dawidowe na modlitwy chrze\u015bcija\u0144skie prze\u0142o\u017cone. Przydana jest k temu Rozmowa o modlitwie i Modlitwy ludzi \u015bwi\u0119tych z Biblijej wybrane,<\/em> wst\u0119p i oprac. K. Meller, Wydawnictwo UMCS, Lublin 2014. \u201eLubelska Biblioteka Staropolska\u201d, t. 12.<\/p>\n<p style=\"text-align: justify;\">Marcin Czechowic,<em> \u0179wier\u015bciad\u0142ko panienek chrystyja\u0144skich<\/em>, wst\u0119p i oprac. K. Meller, Wydawnictwo Neriton, Warszawa 2010. \u201eHumanizm polski. Polonika\u201d, t. 3.<\/p>\n<p style=\"text-align: justify;\">Jakub Lubelczyk, <em>Wirydarz krze\u015bcija\u0144ski, Apoteka Ducha \u015bwi\u0119tego,<\/em> wst\u0119p i oprac. K.\u00a0 Meller, Wydawnictwo UMCS, Lublin 2008. \u201eLubelska Biblioteka Staropolska\u201d, t. 6.<\/p>\n<p style=\"text-align: justify;\">Jakub Lubelczyk, <em>Pie\u015bni, psalmy i wiersze polskie, <\/em>wst\u0119p i oprac. K. Meller, Wydawnictwo UMCS, Lublin 2007. \u201eLubelska Biblioteka Staropolska\u201d, t. 3.<\/p>\n<p style=\"text-align: justify;\">Jan Kochanowski, \u00a0<em>Psa\u0142terz\u00a0 Dawid\u00f3w<\/em>, wst\u0119p\u00a0 i oprac. K. Meller, TAiWPN Universitas, Krak\u00f3w 1997. \u201eBiblioteka Polska\u201d.<\/p>\n<p>&nbsp;<\/p>\n<p style=\"text-align: justify;\"><strong>Prace redakcyjne:<\/strong><\/p>\n<p style=\"text-align: justify;\"><em>Luteranizm w kulturze polskiej XVI-XVIII w., <\/em>praca zbior. pod red. K. Meller, Warszawa 2017.<\/p>\n<p style=\"text-align: justify;\"><em>August Cieszkowski in memoriam 1815-2015, <\/em>praca zbior. pod red. K. Meller, Pozna\u0144 2015.<\/p>\n<p style=\"text-align: justify;\"><em>Klasycyzm. Estetyka \u2013 doktryna literacka \u2013 antropologia<\/em>, praca zbior. pod red. K. Meller, Warszawa 2009. \u201eHumanizm polski. Syntezy\u201d, t. 6.<\/p>\n<p style=\"text-align: justify;\"><em>Literatura i j\u0119zyk polski w kontaktach i kontekstach \u015bwiatowych. III Kongres Polonistyki Zagranicznej<\/em>, <em>8-12 czerwca 2006<\/em>, praca zbior. pod red. M. Czermi\u0144skiej, K. Meller, P. Flici\u0144skiego, Pozna\u0144 2007.<\/p>\n<p style=\"text-align: justify;\"><em>O historyczno\u015bci,<\/em> praca zbior. pod red. K. Meller i K.Trybusia, Pozna\u0144 2005. \u201eBiblioteka Literacka Pozna\u0144skich Studi\u00f3w Polonistycznych\u201d<em>. <\/em><\/p>\n<p style=\"text-align: justify;\"><em>Literatura i j\u0119zyk,<\/em> praca zbior. pod red. K. Meller i K.Trybusia, Pozna\u0144 2003. \u201eBiblioteka Literacka Pozna\u0144skich Studi\u00f3w Polonistycznych\u201d.<\/p>\n<p style=\"text-align: justify;\"><em>Wielkopolski Maro. Samuel ze Skrzypny Twardowski i jego dzie\u0142o w wielkiej i ma\u0142ej Ojczy\u017anie,<\/em> praca zbior. pod red. K. Meller i J. Kowalskiego, Wydawnictwo Pozna\u0144skich Studi\u00f3w Polonistycznych, Pozna\u0144 2002.<\/p>\n<p>&nbsp;<\/p>\n<p style=\"text-align: justify;\"><strong>Rozdzia\u0142y w ksi\u0105\u017ckach zbiorowych i artyku\u0142y (wyb\u00f3r):<\/strong><\/p>\n<p style=\"text-align: justify;\">K. Meller, <em>Roman Pollak jako badacz renesansu <\/em>[w druku].<\/p>\n<p style=\"text-align: justify;\">K. Meller, <em>Polska ksi\u0105\u017cka drukowana w kulturze pocz\u0105tku XVI wieku<\/em>, [w:] K. Krzak-Weiss, K. Meller, W. Wydra, <em>Drukowane teksty polskie sprzed 1543 roku<\/em>, Pozna\u0144 2019.<\/p>\n<p style=\"text-align: justify;\">K. Meller, <em>Word in Action. Democracy and Deliberation in Literary Practice in Polish Renaissance<\/em>, \u201ePozna\u0144skie Studia Slawistyczne\u201d, t. 17, Pozna\u0144 2019, s. 117-126.<\/p>\n<p style=\"text-align: justify;\">K. Meller, <em>Profesor Tadeusz Witczak (1927-2018)<\/em>, \u201eRuch Literacki\u201d, t. 59, nr 4 (349), s. 479-482.<\/p>\n<p style=\"text-align: justify;\">K. Meller, <em>Stanis\u0142aw Dobrzycki (1875-1931) \u2013 historyk literatury dawnej<\/em>, [w:]<em> Stulecie pozna\u0144skiej polonistyki<\/em>, t. 1: <em>Okres mi\u0119dzywojenny i lata okupacji<\/em>, red. B. Judkowiak, S. Wys\u0142ouch, S. Karolak, A. Piotrowicz, Wydawnictwo Pozna\u0144skich Studi\u00f3w Polonistycznych, Pozna\u0144 2018, s. 153-170.<\/p>\n<p style=\"text-align: justify;\">K. Meller, <em>Psalter as the \u201cBook of Common Prayer\u201d of European Reformation. The case of Polish protestant metrical translations of the Psalms (the 16<sup>th<\/sup> -17<sup> th <\/sup>c.), <\/em>[w:] <em>La riforma protestante nei paesi slavi<\/em>, red. G. Brogi Bercoff, R. Marti, Accademia Ambrosiana Slavica Ambrosiana, Milano 2018, s. 133-143.<\/p>\n<p style=\"text-align: justify;\">K. Meller, <em>Lutera\u0144skie novum w kulturze polskiej XVI wieku<\/em>, [w:]<em> Luteranizm w kulturze Pierwszej Rzeczypospolitej<\/em>, red. K. Meller, Wydawnictwo Uniwersytetu Warszawskiego, Warszawa 2017, s. 7-25.<\/p>\n<p style=\"text-align: justify;\">K. Meller, <em>Diversity multiplied.Lutheran Sourses of the Cultural Changes in the Firt Half of 16th Century in Poland. Axiological Perspective<\/em>, [w:]<em> Reformatio Baltica.Kulturwirkungen der Reformation in der Metropolen des Ostseeraums<\/em>, red. H. Assel, J.A. Steiger, A.E. Walter, De Gruyter, Berlin 2017, s. 503-510.<\/p>\n<p style=\"text-align: justify;\">K. Meller, <em>\u201eNajpi\u0119kniejszy ksta\u0142t, kto miary u\u017cywa\u201d. Renesansowy homo faber i filozofia umiaru,<\/em> [w:]<em> Z\u0142oty \u015brodek. Literatura wobec rozterek, niepokoju i poszukiwania r\u00f3wnowagi<\/em>, red. K. Trybu\u015b, G. Raubo, Wydawnictwo Naukowe UAM, Pozna\u0144 2017, s. 89-100.<\/p>\n<p style=\"text-align: justify;\">K. Meller, <em>Andrzej Wargocki \u2013 podr\u00f3\u017cnik po mapach i tekstach. O \u201ePeregrynacji arabskiej\u201d z 1610 roku<\/em>, [w:] <em>Co musi wiedzie\u0107 uczony edytor, nawet je\u015bli nie chce<\/em>, red. B. Hojdis, K. Krzak-Weiss, Wydawnictwo Pozna\u0144skich Studi\u00f3w Polonistycznych, Pozna\u0144 2017, s. 159-172.<\/p>\n<p style=\"text-align: justify;\">K. Meller, <em>Reformacyjne impulsy w kulturze polskiej XVI wieku. Kilka refleksji o przesz\u0142o\u015bci (i wsp\u00f3\u0142czesno\u015bci)<\/em>, \u201eMiasteczko Pozna\u0144. Pismo spo\u0142eczno-kulturalne\u201d, 2017, nr 3(29), s. 52-56<\/p>\n<p style=\"text-align: justify;\">K. Meller, <em>Jana Stoi\u0144skiego \u201eModlitwa lekarza\u201d z 1633 r.<\/em>, \u201eArchiwum Historii i Filozofii Medycyny\u201d, t. 78, s. 51-56.<\/p>\n<p style=\"text-align: justify;\">K. Meller, <em>Listy do kr\u00f3la w sprawach wiary w polskich protestanckich Bibliach XVI i XVII w.<\/em>, \u201ePozna\u0144skie Studia Slawistyczne\u201d, t. 10, Pozna\u0144 2016, s. 179-196.<\/p>\n<p style=\"text-align: justify;\">K. Meller, <em>Psalm \u2013 kalwi\u0144ska \u201epie\u015b\u0144 nad pie\u015bniami\u201d. O kszta\u0142towaniu si\u0119 ewangelickiej kultury literackiej i duchowej. Na przyk\u0142adzie przek\u0142ad\u00f3w i parafraz Liber Psalmorum z XVI i XVII w<\/em>., [w:]<em> Ewangelicyzm reformowany w Pierwszej Rzeczypospolitej. Dialog z Europ\u0105 i wybory aksjologiczne w \u015bwietle literatury i pi\u015bmiennictwa XVI-XVII wieku<\/em>, red. D. Chemperek, Wydawnictwo Uniwersytetu Warszawskiego, Warszawa, 2016, s. 275-309.<\/p>\n<p style=\"text-align: justify;\">K. Meller, <em>Potrydenckie konwersje protestant\u00f3w na katolicyzm. \u015awiadectwa pi\u015bmiennicze<\/em>, [w:]<em> Formowanie kultury katolickiej w dobie potrydenckiej<\/em>, red. Justyna D\u0105bkowska-Kujko, Wydawnictwo Uniwersytetu Warszawskiego, Warszawa, 2016, s. 300-350.<\/p>\n<p style=\"text-align: justify;\">K. Meller, <em>\u201ePan Krystus po \u015bwiecie rozes\u0142a\u0142 nie malarze, ale nauczyciele\u201d. G\u0142os polskich pisarzy protestanckich o katolickiej ikonodulii<\/em>, [w:] <em>Ikonoklazm i ikonofilia. Mi\u0119dzy histori\u0105 a wsp\u00f3\u0142czesno\u015bci\u0105<\/em>, red. A. Stankowska, M. Telicki, Wydawnictwo PTPN, Pozna\u0144 2016, s. 15-34.<\/p>\n<p style=\"text-align: justify;\">K. Meller, <em>Fatalne skutki pewnej \u201ekolacyi\u201d Jakuba Niemojewskiego z jezuitami pozna\u0144skimi, czyli pozna\u0144ska polifonia wyznaniowa w XVI wieku<\/em>, [w:] <em>Pozna\u0144 pisarek i pisarzy<\/em>, red. J. Borowczyk, L. Marzec, Z. Kope\u0107, Pozna\u0144 2016.<\/p>\n<p style=\"text-align: justify;\">K. Meller, <em>Une exp\u00e9rience d\u00e9chirante de l\u2019histoire. Trois t\u00e9moignages des protestants polonais du XVI<sup>e<\/sup> et du XVII<sup>e<\/sup> si\u00e8cle, <\/em>[w] <em>Vivre l\u2019histoire<\/em>, ed. C. Trotot, M. Soubbotnik, Strasbourg 2013, s. 73-83.<\/p>\n<p style=\"text-align: justify;\">K. Meller, <em>Wielowyznaniowo\u015b\u0107\u00a0 jako czynnik wsp\u00f3lnototw\u00f3rczy w Polsce XVI w.<\/em>, [w:] <em>Humanizm polski i wsp\u00f3lnoty: nar\u00f3d \u2013 spo\u0142ecze\u0144stwo \u2013 pa\u0144stwo \u2013 Europa<\/em>, red. M. Cie\u0144ski, Wydawnictwo Neriton, Warszawa 2011. \u201eHumanizm polski. Syntezy\u201d, t. 8.<\/p>\n<p style=\"text-align: justify;\">K. Meller, <em>Classicism in Polish Literature, <\/em>[w:] <em>Humanism in Polish Culture,<\/em> red. A. Nowicka-Je\u017cowa, W. Pawlak, P.Urba\u0144ski, Frankfurt a\/Main 2011.<\/p>\n<p style=\"text-align: justify;\">K. Meller, <em>Calvinist <\/em>Humanitas <em>in the 16th Century Literature and Culture in Poland<\/em>, [w:] <em>Calvinism on the Peripheries.Religion and Civil Society on the Peripheries of Europe, <\/em>red. A. Kovazc, Debrecen 2010.<\/p>\n<p style=\"text-align: justify;\">K. Meller, <em>Humanizm\u00a0 chrystia\u0144ski braci polskich XVI i XVII wieku,<\/em> [w:] <em>Humanitas i christianitas<\/em>, red. M. Hanusiewicz-Lavalee, Warszawa 2009. \u201eHumanizm polski. Syntezy\u201d, t. 4.<\/p>\n<p style=\"text-align: justify;\">K. Meller, <em>Klasycyzm \u2013 wst\u0119p wolny,<\/em> [w:] <em>Klasycyzm. Estetyka \u2013 doktryna literacka-antropologia<\/em>, pod red. K. Meller, Wydawnictwo Neriton, Warszawa 2009. \u201eHumanizm polski. Syntezy\u201d, t. 6.<\/p>\n<p style=\"text-align: justify;\">K. Meller, <em>Pisarskie przystanki w\u00a0 renesansowym Poznaniu. Reformacja \u2013 Biblia \u2013 Literatura.<\/em> \u201eKronika Miasta Poznania\u201d 2006, t. 4, s. 32-42.<\/p>\n<p style=\"text-align: justify;\">K. Meller, <em>Antagoni\u015bci Stanis\u0142awa Hozjusza.. Idea powrotu do \u017ar\u00f3de\u0142 wiary w uj\u0119ciu pi\u015bmiennictwa reformacyjnego, <\/em>[w:] <em>Kardyna\u0142\u00a0 Stanis\u0142aw Hozjusz (1504-1579). Osoba, my\u015bl, dzie\u0142o, czasy, znaczenie,<\/em> red. S. Achremczyk, J. Guzowski, J. Jezierski, Olsztyn 2005, \u201eBiblioteka Wydzia\u0142u Teologii UWM\u201d t. 25, s. 143-161.<\/p>\n<p style=\"text-align: justify;\">K. Meller, <em>Bracia czescy w perspektywie historycznoliterackiej. Wiek XVI. <\/em>\u201eBiblioteka<em>\u201d<\/em>, nr 9 (18), 2005, s. 155-165.<\/p>\n<p style=\"text-align: justify;\">K. Meller, <em>Cz\u0142owiecze\u0144stwo i historyczno\u015b\u0107. Komentarz do jednej pie\u015bni z\u00a0 XVI\u00a0 wieku, <\/em>[w:]<em> O historyczno\u015bci,<\/em> red. K. Meller, K. Trybu\u015b, Pozna\u0144 2005<em>, <\/em>\u201eBiblioteka Literacka PSP\u201d t. 46, s. 95-105<em>.<\/em><\/p>\n<p style=\"text-align: justify;\">K. Meller, <em>Jakub\u00a0 Lubelczyk \u2013 pisarz reformacyjny<\/em>. \u201eAnnales Universitatis Mariae Curie-Sk\u0142odowska\u201d, vol. 23 sectio FF, Lublin 2005.<\/p>\n<p style=\"text-align: justify;\">K. Meller, <em>Philopolites, to jest mi\u0142o\u015bnik ojczyzny \u2013 renesansowe speculum obywatela,<\/em> [w:] <em>Literatura i\u00a0 pami\u0119\u0107 kultur, <\/em>red. S. Baczewski i D. Chemperek, Lublin 2004, s. 44-67.<\/p>\n<p style=\"text-align: justify;\">K. Meller, <em>Kol\u0119dy protestanckie XVI wieku,<\/em> [w:] <em>Z kol\u0119d\u0105 przez wieki. Kol\u0119dy w Polsce i w krajach s\u0142owia\u0144skich, <\/em>red. T. Budrewicz, S. Koziara, J. Oko\u0144, Wydawnictwo Biblos, Tarn\u00f3w 1996, s. 111-125.<\/p>\n<p style=\"text-align: justify;\">K. Meller, <em>Archelia diabolica. Na marginesie Psa\u0142terza,<\/em> [w:] <em>Fakty i interpretacje. Szkice z historii literatury i kultury polskiej, <\/em>red. T.\u00a0 Lewandowski, PWN, Warszawa 1991, s. 30-46.<\/p>\n<p style=\"text-align: justify;\">K. Meller, <em>Psalmy nad mi\u00f3d s\u0142odsze i t\u0142umacz \u2013 pszczo\u0142a. O\u00a0 Jakuba Lubelczyka \u201ePsa\u0142terzu Dawida\u201d z 1558 r. s\u0142\u00f3w kilka<\/em>,<em> \u201e<\/em>Teksty Drugie\u201d 1990, nr 3.<\/p>\n<p style=\"text-align: justify;\">K. Meller, <em>Andrzej Trzecieski czy Jakub Lubelczyk autorem parafrazy psalmu 67 z r. 1558?<\/em>, \u201eRuch Literacki\u201d 1984, z. 5-6, s. 427- 435.<\/p>\n<p style=\"text-align: justify;\">K. Meller, <em>O pie\u015bniowej tw\u00f3rczo\u015bci Jakuba Lubelczyka. I. Uwagi o kanonie. II. Pie\u015bni i psalmy Lubelczyka w XVI i XVII-wiecznych kancjona\u0142ach,<\/em> \u201ePami\u0119tnik Literacki\u201d 1984, z. 4, s. 151-175.<\/p>\n","protected":false},"excerpt":{"rendered":"<p>&nbsp; KIEROWNIK ZAK\u0141ADU Prof. dr hab. Katarzyna Meller &nbsp; Poznanianka, absolwentka i od 1979 r. pracownik UAM; polonistka, historyk literatury i kultury. Jej badania obejmuj\u0105 wczesnonowo\u017cytn\u0105 literatur\u0105 polsk\u0105, szczeg\u00f3lnie epoki renesansu i pi\u015bmiennictwo reformacyjne XVI i XVII w., w kt\u00f3rych upatruje wyrazu odwiecznych marze\u0144 i traconych z\u0142udze\u0144 o doskona\u0142ym \u015bwiecie i wolnym, rozumnym cz\u0142owieku,\u00a0 o [&hellip;]<\/p>\n","protected":false},"author":1,"featured_media":0,"parent":0,"menu_order":0,"comment_status":"closed","ping_status":"closed","template":"","meta":[],"_links":{"self":[{"href":"http:\/\/kamel.home.amu.edu.pl\/index.php?rest_route=\/wp\/v2\/pages\/92"}],"collection":[{"href":"http:\/\/kamel.home.amu.edu.pl\/index.php?rest_route=\/wp\/v2\/pages"}],"about":[{"href":"http:\/\/kamel.home.amu.edu.pl\/index.php?rest_route=\/wp\/v2\/types\/page"}],"author":[{"embeddable":true,"href":"http:\/\/kamel.home.amu.edu.pl\/index.php?rest_route=\/wp\/v2\/users\/1"}],"replies":[{"embeddable":true,"href":"http:\/\/kamel.home.amu.edu.pl\/index.php?rest_route=%2Fwp%2Fv2%2Fcomments&post=92"}],"version-history":[{"count":5,"href":"http:\/\/kamel.home.amu.edu.pl\/index.php?rest_route=\/wp\/v2\/pages\/92\/revisions"}],"predecessor-version":[{"id":227,"href":"http:\/\/kamel.home.amu.edu.pl\/index.php?rest_route=\/wp\/v2\/pages\/92\/revisions\/227"}],"wp:attachment":[{"href":"http:\/\/kamel.home.amu.edu.pl\/index.php?rest_route=%2Fwp%2Fv2%2Fmedia&parent=92"}],"curies":[{"name":"wp","href":"https:\/\/api.w.org\/{rel}","templated":true}]}}